*v - 2*g - 65 = 0. What is the highest common divisor of 45 and v?
5
Let p = 1 - -1. Let g be (-6)/((-14)/(-10) - (-58 - -60)). What is the highest common divisor of p and g?
2
Let k = -16 + 21. Suppose -4*c + 17 + 44 = -h, k*c - h - 75 = 0. Calculate the greatest common divisor of 14 and c.
14
Let j(l) = l**2 + 9*l. Suppose -2*t - 26 = -3*s, -14 = 2*t + s + 4. Let d be j(t). Calculate the greatest common divisor of 10 and d.
10
Let m(i) = -i**3 + 7*i**2 + 9*i + 10. Suppose 3*p + 2*x = -3*x + 34, 4*p + x = 34. Let b be m(p). Calculate the greatest common divisor of b and 45.
9
Let g(p) = -175*p**3 + 24*p**2 - p. Let t be g(-2). Calculate the greatest common factor of 14 and t.
14
Let a(j) = 17*j**2 + 2*j - 1. Let m be a(1). Let f = m - 12. Suppose -5*x - 6 = -2*s - 158, 5*s = 5*x - 155. Calculate the greatest common factor of f and x.
6
Suppose -17*c = -24*c - 6055. Let p = -513 - c. Calculate the highest common divisor of 32 and p.
32
Let g(k) = -k + 6. Let l be g(-7). Suppose -108 = -14*j + l*j. Calculate the highest common divisor of j and 36.
36
Let y(n) be the first derivative of 3*n**2/2 - 14*n - 3. Let p be y(5). Let c be ((-70)/(-15))/(p/12). Calculate the highest common factor of 8 and c.
8
Suppose 24*s = 30*s - 696. Calculate the greatest common factor of s and 638.
58
Suppose -2 = 5*l + 4*w, l - 17 = 2*w + 3*w. Suppose -4*d - 4*v = -0*v - 32, -d - l*v + 10 = 0. What is the greatest common factor of d and 30?
6
Suppose 0*w = 2*w - 18 - 30. Suppose 60 = r + 24. What is the greatest common factor of r and w?
12
Let h = 189 + -14. Calculate the highest common divisor of 125 and h.
25
Let r be (-66 + 26)*((-2)/(-10) + -1). Calculate the greatest common factor of r and 160.
32
Suppose -h + 4*x - 16 = 0, 0 = -3*h - 2*h + 5*x - 20. Let y be (h - (-1 - -2)) + 14. Let t = 26318 - 26201. Calculate the greatest common factor of y and t.
13
Suppose -12 - 13 = -5*x + v, 3*x + 5*v = 15. Let s be (-28 + 10)*x/(-3). Let w be 55/(-2)*(-12)/s. Calculate the highest common divisor of w and 33.
11
Suppose -12*r = -8*r - 96. Calculate the greatest common divisor of r and 36.
12
Let k(i) = 6*i - 58. Let n be k(17). Let a = 62 - n. Calculate the greatest common factor of 18 and a.
18
Suppose 2*b = 7*b - 85. Suppose 2*u = -3*t + 250, 2*u = t + 40 + 194. What is the highest common factor of b and u?
17
Let x = 8 + -8. Suppose 2*b + 5 + 1 = x. Let p be -3 - (0 + b*6). What is the highest common factor of p and 75?
15
Let i(v) = -v + 19. Let a be i(11). Let r = a - 6. Suppose -n = -3*n + 36. Calculate the greatest common divisor of r and n.
2
Let b = 139 + -97. Let s be ((-84)/15)/(-4 + (-408)/(-100)). Let r = s - -98. What is the highest common divisor of r and b?
14
Suppose -4*x - 5*u = 57, -4*x - 7 = -u - 4*u. Let d be (-470)/x - 30/40. What is the greatest common divisor of 29 and d?
29
Let h(v) = 2 + 1 + v - 2 + 4*v**2 + v**2. Let b be h(-1). What is the highest common factor of 15 and b?
5
Suppose 3*b = b + 4. Let g be (-2)/b - 0/10. Let s be 12*(1 - (1 + g)). Calculate the highest common divisor of 96 and s.
12
Let d be (1*16/3)/(8/12). What is the highest common divisor of d and 52?
4
Suppose 3*l - 14 = 10. Let u(f) = f**2 + 29*f + 202. Let o be u(-6). Calculate the greatest common factor of o and l.
8
Let a(g) = -g**3 - 13*g**2 - 20*g + 2. Let m be a(-12). Calculate the greatest common factor of m and 21.
7
Suppose -3*r - r = -136. Suppose -343*y = -315*y - 4760. What is the highest common factor of y and r?
34
Let a = -77 - -109. Suppose -5 = -i + 3*w, 0*i - 5*w + 37 = 4*i. Calculate the greatest common factor of i and a.
8
Let j(n) = 34*n - 33. Let c be j(6). What is the highest common factor of c and 9?
9
Let n = 38 - -92. Calculate the greatest common divisor of 10 and n.
10
Let f(l) = -l**2 + 38*l - 69. Let x be f(35). Calculate the greatest common divisor of 22 and x.
2
Suppose -h - 26 = -30. Suppose 0 = 2*k - 5*u - 5, 4*k + k - 62 = -h*u. What is the highest common factor of k and 110?
10
Let w = 61 - 40. Let z be (5/(-2))/(-5) - 922/(-4). What is the greatest common divisor of w and z?
21
Let q(j) = 7*j**2 - 137*j - 50. Let y be q(20). Let h(p) = 9*p + 3. Let u be h(3). Let k = u + 0. Calculate the greatest common divisor of y and k.
10
Suppose m + 24 = 4*m. Let h be (-144)/(-84)*7/2. What is the greatest common divisor of m and h?
2
Suppose 114 = 5*l + g, -l - 2*g + 30 = -0*g. Let k(m) = 14*m - 726. Let s be k(55). What is the greatest common divisor of s and l?
22
Let p be (-454)/(-1 + 2 + 1). Let g = p + 84. Let u = -101 - g. Calculate the greatest common factor of 6 and u.
6
Suppose -3*x = -5*x + 8. Let b = 1346 - 1342. Calculate the highest common factor of x and b.
4
Suppose 1437 = -2*l + 1885. Calculate the greatest common divisor of l and 64.
32
Let p be ((-5)/(-4))/(12/48). Suppose -p*z = -25 - 25. Calculate the highest common factor of z and 40.
10
Let x = 285 - 282. Let d = -9 - -15. What is the greatest common divisor of d and x?
3
Suppose -2*i + 6*i - 1672 = 0. Calculate the greatest common divisor of 38 and i.
38
Suppose -q + 2*r = -3 - 2, -q = r - 20. Calculate the greatest common divisor of q and 225.
15
Let j(c) = c**2 + 23*c + 2. Let w be j(8). Calculate the greatest common factor of w and 20.
10
Let x = -240 + 501. Let p = -2463 + 2492. Calculate the greatest common divisor of x and p.
29
Let i be (-26)/((-6)/(-1) + 3333/(-555)). Calculate the greatest common divisor of 65 and i.
65
Suppose -5*p = 3*g + 6 - 25, 21 = 2*g - 5*p. Let f(u) = -7*u - 3. Let d be f(-3). Suppose 30 = 3*m - d. Calculate the highest common factor of g and m.
8
Let f = -37 - -69. Let v(w) = w**3 - 2*w**2 + 4*w - 49. Let m be v(7). Calculate the highest common divisor of f and m.
32
Let n = 16 - 1. Let k = 30 - n. Suppose -2*g = -0*g + 3*u - 14, 0 = 5*u + 10. Calculate the highest common divisor of g and k.
5
Let v(h) = -h. Suppose -k = -3*c + k + 17, -2*k = -2*c + 12. Let y be (-4 - -3 - 0)*c. Let s be v(y). What is the highest common factor of 35 and s?
5
Suppose 0 = 3*v + 5*m - 97, -7*v + 3*v + 76 = -4*m. Let z = 39 - v. Suppose -3*d + 525 = 4*d. Calculate the highest common factor of z and d.
15
Suppose 9740 = 35*g - 19940. What is the greatest common divisor of 53 and g?
53
Suppose 0 = q + 2*z + 3, -4*q - z = -2*z + 12. Let a be (26 - 3/q)/(-1). Let r be a/(-6)*(-32)/(-3). What is the highest common factor of 16 and r?
16
Let u be ((-12)/(-9))/(2/162). What is the highest common divisor of u and 918?
54
Let a be -18 + -5 + (-1 - 1). Let r = a + 35. Calculate the highest common divisor of 110 and r.
10
Suppose 0 = -3*f - 10 - 23. Suppose -4*n + 35 = -65. Let m = f + n. What is the highest common factor of 28 and m?
14
Let y be ((-92)/(-6))/((-38)/(-570)). What is the highest common factor of 50 and y?
10
Let g = -25 - -125. Let z = g + -64. Let h be 1 - (0 + -1) - -4. Calculate the highest common factor of z and h.
6
Let s(c) = -12*c - 59. Let d be s(-12). What is the greatest common factor of d and 119?
17
Let f be (16 + -2)/((-12)/(-528)). What is the greatest common factor of f and 21?
7
Let k = 117 + -64. What is the greatest common factor of k and 901?
53
Suppose 2*x = 3*q - 115, -q - 2*x = q - 60. Calculate the greatest common divisor of 455 and q.
35
Suppose -5*j = -j. Suppose j*n - 5*n - 35 = -4*z, 2*n = 2. What is the greatest common factor of 10 and z?
10
Let z = -666 - -689. What is the highest common factor of 299 and z?
23
Let w = 1542 + -1192. What is the greatest common factor of w and 14?
14
Suppose 40*m = 36*m + 1036. Calculate the highest common divisor of m and 37.
37
Let j = 109 + -76. Let s be 3 + 0 + j/3. Calculate the highest common factor of s and 98.
14
Let r be -138*-5*8/80. What is the highest common factor of 759 and r?
69
Let w = 11 - -37. Let m(x) = 2*x + 0*x + 6*x**2 + 3*x**2 - 9 - 8*x**2. Let a be m(-5). What is the highest common factor of a and w?
6
Suppose 0 = -h + 3*d + 16, -d = -6*h + 3*h + 16. Let k be ((-30)/(-8) - 3)*4. Suppose 4*n = k*n + h. Calculate the greatest common divisor of 1 and n.
1
Suppose -9 = -g - 0*n - n, 5*n - 20 = 0. Suppose -g*l - 4*y = -116, 0 = -2*y + 6*y - 16. Calculate the greatest common factor of l and 80.
20
Suppose 0 = 8*l + 48. Let v be ((-14)/l - 7/21) + 2. Calculate the greate